{"id":238399,"date":"2023-11-18T20:33:11","date_gmt":"2023-11-18T19:33:11","guid":{"rendered":"https:\/\/www.prosunt.si\/prosunt-2-2-2\/?page_id=238399"},"modified":"2026-03-08T10:32:45","modified_gmt":"2026-03-08T09:32:45","slug":"svetovni-dan-varnosti-pacientov-17-september","status":"publish","type":"page","link":"https:\/\/www.prosunt.si\/prosunt-2-2-2\/svetovni-dan-varnosti-pacientov-17-september\/","title":{"rendered":"Svetovni dan varnosti pacientov 17. september"},"content":{"rendered":"<div class=\"et_pb_section_0 et_pb_section et_section_regular et_block_section\">\n<div class=\"et_pb_row_0 et_pb_row et_block_row\">\n<div class=\"et_pb_column_0 et_pb_column et_pb_column_2_5 et_block_column et_pb_css_mix_blend_mode_passthrough\">\n<div class=\"et_pb_image_0 et_pb_image et_pb_module et_flex_module\"><span class=\"et_pb_image_wrap\"><img loading=\"lazy\" decoding=\"async\" src=\"https:\/\/www.prosunt.si\/content\/uploads\/2016\/03\/Robida_Svetovni-dan-majhno-.png\" title=\"Robida_Svetovni-dan-majhno-\" width=\"904\" height=\"463\" srcset=\"https:\/\/www.prosunt.si\/content\/uploads\/2016\/03\/Robida_Svetovni-dan-majhno-.png 904w, https:\/\/www.prosunt.si\/content\/uploads\/2016\/03\/Robida_Svetovni-dan-majhno--480x246.png 480w\" sizes=\"(min-width: 0px) and (max-width: 480px) 480px, (min-width: 481px) 904px, 100vw\" class=\"wp-image-238401\" \/><\/span><\/div>\n<\/div>\n\n<div class=\"et_pb_column_1 et_pb_column et_pb_column_3_5 et-last-child et_block_column et_pb_css_mix_blend_mode_passthrough\">\n<div class=\"et_pb_text_0 et_pb_text et_pb_bg_layout_light et_pb_module et_block_module preset--module--divi-text--822417c6-94f5-46ed-9b6c-4b1289d466a6\"><div class=\"et_pb_text_inner\"><h1 style=\"text-align: center;\">Brez prepre\u010dljivih\u00a0 \u0161kodljivih dogodkov<\/h1>\n<\/div><\/div>\n<\/div>\n<\/div>\n<\/div>\n\n<div class=\"et_pb_section_1 et_pb_section et_section_regular et_block_section\">\n<div class=\"et_pb_row_1 et_pb_row et_block_row\">\n<div class=\"et_pb_column_2 et_pb_column et_pb_column_1_2 et_block_column et_pb_css_mix_blend_mode_passthrough\">\n<div class=\"et_pb_text_1 et_pb_text et_pb_bg_layout_light et_pb_module et_block_module preset--module--divi-text--822417c6-94f5-46ed-9b6c-4b1289d466a6\"><div class=\"et_pb_text_inner\"><p style=\"text-align: left;\">Varnost pacientov je resen svetovni problem javnega zdravja. \u010ce potujete z letalom imate 1 na\u00a0 milijon do 1 na 8 milijonov\u00a0 \u00a0mo\u017enosti, da boste umrli ob letalski nesre\u010di. Obstaja <span style=\"color: #3366ff;\">1 na \u00a0300 mo\u017enosti<\/span>, da \u00a0boste kot pacient \u00a0po\u0161kodovani pri svoji zdravstveni obravnavi v bolni\u0161nici. Visoko tvega ne \u010dlove\u0161ke dejavnosti, kot sta letalska in jedrska industrija, imajo veliko bolj\u0161e varnostne rezultate kot zdravstveno varstvo.<\/p>\n<p>Ekstrapolacija podatkov iz evropskih in drugih raziskav ocenjuje, da v slovenskih bolni\u0161nicah umre zaradi n\u0161kodljivih dogodkov \u00a0na leto 700 do 1000 pacientov in 35 000 jih do\u017eivi ve\u010djo ali manj\u0161o \u0161kodo za svoje zdravje. Pribli\u017eno polovica teh dogodkov bi se dala prepre\u010diti.<\/p>\n<p>&nbsp;<\/p>\n<\/div><\/div>\n\n<div class=\"et_pb_text_2 et_pb_text et_pb_bg_layout_light et_pb_module et_block_module preset--module--divi-text--822417c6-94f5-46ed-9b6c-4b1289d466a6\"><div class=\"et_pb_text_inner\"><p>Pojav \u0161kodljivih dogodkov zaradi nevarne oskrbe je verjetno eden od 10 vodilnih vzrokov smrti in invalidnosti na svetu (1). V dr\u017eavah z visokimi dohodki se ocenjuje, da je eden od 10 pacientov \u00a0po\u0161kodovan med 5rejemanjem bolni\u0161ni\u010dne oskrbe (2). \u0160kodo lahko povzro\u010di \u0161irok razpon \u00a0\u0161kodljivih dogodkov , pri \u010demer jih je skoraj 50% mogo\u010de prepre\u010diti (3).<\/p>\n<p>Na svetovni ravni je kar 4 od 10 pacientov po\u0161kodovanih v primarni in ambulantni zdravstveni oskrbi. Do 80% \u0161kode je mogo\u010de prepre\u010diti. Najbolj \u0161kodljive napake so povezane z diagnozo, predpisovanjem zdravil in uporabo zdravil (4). V dr\u017eavah OECD je 15 % vseh bolni\u0161ni\u010dnih dejavnosti in izdatkov neposredna posledica \u0161kodljivih dogodkov (2). Nalo\u017ebe v zmanj\u0161anje \u0161kode za paciente lahko privedejo do znatnih finan\u010dnih prihrankov in, kar je \u0161e pomembneje, bolj\u0161ih rezultatov za paciente (2). Primer prepre\u010devanja je vklju\u010devanje pacientov. \u010ce je dobro izvedeno, lahko zmanj\u0161a breme \u0161kode za do 15 % (5).<\/p>\n<\/div><\/div>\n<\/div>\n\n<div class=\"et_pb_column_3 et_pb_column et_pb_column_1_2 et-last-child et_block_column et_pb_css_mix_blend_mode_passthrough\">\n<div class=\"et_pb_image_1 et_pb_image et_pb_module et_block_module preset--module--divi-image--5c31d62a-58c1-4e5b-8f8c-e3a16e93ad2c\"><span class=\"et_pb_image_wrap\"><img loading=\"lazy\" decoding=\"async\" src=\"https:\/\/www.prosunt.si\/content\/uploads\/2016\/03\/Photos.png\" width=\"1280\" height=\"720\" srcset=\"https:\/\/www.prosunt.si\/content\/uploads\/2016\/03\/Photos.png 1280w, https:\/\/www.prosunt.si\/content\/uploads\/2016\/03\/Photos-980x551.png 980w, https:\/\/www.prosunt.si\/content\/uploads\/2016\/03\/Photos-480x270.png 480w\" sizes=\"(min-width: 0px) and (max-width: 480px) 480px, (min-width: 481px) and (max-width: 980px) 980px, (min-width: 981px) 1280px, 100vw\" class=\"wp-image-238402\" title=\"Photos\" \/><\/span><\/div>\n\n<div class=\"et_pb_text_3 et_pb_text et_pb_bg_layout_light et_pb_module et_block_module preset--module--divi-text--822417c6-94f5-46ed-9b6c-4b1289d466a6\"><div class=\"et_pb_text_inner\"><p>1. Jha AK. Presentation at the \u201cPatient Safety \u2013 A Grand Challenge for Healthcare Professionals and Policymakers Alike\u201d a Roundtable at the Grand Challenges Meeting of the Bill &amp; Melinda Gates Foundation.<\/p>\n<p>2. Slawomirski L, Auraaen A, Klazinga N. The economics of patient safety: strengthening a value-based approach to reducing patient harm at national level. Paris: OECD; 2017<\/p>\n<p>3. de Vries EN, Ramrattan MA, Smorenburg SM, Gouma DJ, Boermeester MA. The incidence and nature of in-hospital adverse events: a systematic review. Qual Saf.<\/p>\n<p>4. National Academies of Sciences, Engineering, and Medicine. Crossing the global quality chasm: Improving health care worldwide. Washington (DC): The National Academies Press; 2018<\/p>\n<p>5. Slawomirski L, Auraaen A, Klazinga N. The Economics of Patient Safety in Primary and Ambulatory Care: Flying blind. Paris: OECD; 2018<\/p>\n<p>&nbsp;<\/p>\n<\/div><\/div>\n<\/div>\n<\/div>\n<\/div>\n\n<div class=\"et_pb_section_2 et_pb_section et_section_regular et_block_section\">\n<div class=\"et_pb_row_2 et_pb_row et_block_row\">\n<div class=\"et_pb_column_4 et_pb_column et_pb_column_1_2 et_block_column et_pb_css_mix_blend_mode_passthrough\">\n<div class=\"et_pb_text_4 et_pb_text et_pb_bg_layout_light et_pb_module et_block_module preset--module--divi-text--822417c6-94f5-46ed-9b6c-4b1289d466a6\"><div class=\"et_pb_text_inner\"><h1 style=\"text-align: center;\">Resolucija (WHA 72.6) o varnosti pacientov<\/h1>\n<\/div><\/div>\n\n<div class=\"et_pb_text_5 et_pb_text et_pb_bg_layout_light et_pb_module et_block_module preset--module--divi-text--822417c6-94f5-46ed-9b6c-4b1289d466a6\"><div class=\"et_pb_text_inner\"><p>&nbsp;<\/p>\n<p>Ob priznavanju, da je varnost pacientov svetovna prednostna naloga na podro\u010dju zdravja, je Generalna skup\u0161\u010dina Svetovne zdravstvene organizacije sprejela resolucijo o varnosti pacientov, ki je podprla razglasitev svetovnega dneva varnosti pacientov, ki ga bodo dr\u017eave \u010dlanice vsako leto praznovale 17. septembra.<\/p>\n<\/div><\/div>\n<\/div>\n\n<div class=\"et_pb_column_5 et_pb_column et_pb_column_1_2 et-last-child et_block_column et_pb_css_mix_blend_mode_passthrough\">\n<div class=\"et_pb_image_2 et_pb_image et_pb_module et_block_module preset--module--divi-image--5c31d62a-58c1-4e5b-8f8c-e3a16e93ad2c\"><span class=\"et_pb_image_wrap\"><img loading=\"lazy\" decoding=\"async\" src=\"https:\/\/www.prosunt.si\/content\/uploads\/2016\/03\/Photos-1.png\" width=\"1280\" height=\"720\" srcset=\"https:\/\/www.prosunt.si\/content\/uploads\/2016\/03\/Photos-1.png 1280w, https:\/\/www.prosunt.si\/content\/uploads\/2016\/03\/Photos-1-980x551.png 980w, https:\/\/www.prosunt.si\/content\/uploads\/2016\/03\/Photos-1-480x270.png 480w\" sizes=\"(min-width: 0px) and (max-width: 480px) 480px, (min-width: 481px) and (max-width: 980px) 980px, (min-width: 981px) 1280px, 100vw\" class=\"wp-image-238403\" title=\"Photos\" \/><\/span><\/div>\n<\/div>\n<\/div>\n<\/div>\n\n<div class=\"et_pb_section_3 et_pb_section et_section_regular et_block_section\">\n<div class=\"et_pb_row_3 et_pb_row et_block_row\">\n<div class=\"et_pb_column_6 et_pb_column et_pb_column_4_4 et-last-child et_block_column et_pb_css_mix_blend_mode_passthrough\">\n<div class=\"et_pb_text_6 et_pb_text et_pb_bg_layout_light et_pb_module et_block_module preset--module--divi-text--822417c6-94f5-46ed-9b6c-4b1289d466a6\"><\/div>\n\n<div class=\"et_pb_text_7 et_pb_text et_pb_bg_layout_light et_pb_module et_block_module preset--module--divi-text--822417c6-94f5-46ed-9b6c-4b1289d466a6\"><div class=\"et_pb_text_inner\"><h2 style=\"text-align: center;\">Za ogled vsebin dnevov varnosti pacientov\u00a0 za vsako leto kliknite ikono.<\/h2>\n<\/div><\/div>\n<\/div>\n<\/div>\n\n<div class=\"et_pb_row_4 et_pb_row et_pb_row_5col et_block_row et_block_row_5col\">\n<div class=\"et_pb_column_7 et_pb_column et_pb_column_1_5 et_block_column et_pb_css_mix_blend_mode_passthrough\">\n<div class=\"et_pb_blurb_0 et_pb_blurb et_pb_bg_layout_light et_pb_blurb_position_top et_pb_module et_block_module\"><div class=\"et_pb_blurb_content\"><div class=\"et_pb_main_blurb_image\"><a href=\"https:\/\/www.prosunt.si\/prosunt-2-2-2\/svetovni-dan-varnosti-pacientov-2019\/\"><span class=\"et_pb_image_wrap et_pb_only_image_mode_wrap\"><img loading=\"lazy\" decoding=\"async\" src=\"https:\/\/www.prosunt.si\/content\/uploads\/2016\/03\/Robida_Svetovni-dan-majhno-.png\" width=\"904\" height=\"463\" srcset=\"https:\/\/www.prosunt.si\/content\/uploads\/2016\/03\/Robida_Svetovni-dan-majhno-.png 904w, https:\/\/www.prosunt.si\/content\/uploads\/2016\/03\/Robida_Svetovni-dan-majhno--480x246.png 480w\" sizes=\"(min-width: 0px) and (max-width: 480px) 480px, (min-width: 481px) 904px, 100vw\" class=\"wp-image-238401\" \/><\/span><\/a><\/div><div class=\"et_pb_blurb_container\"><h4 class=\"et_pb_module_header\"><a href=\"https:\/\/www.prosunt.si\/prosunt-2-2-2\/svetovni-dan-varnosti-pacientov-2019\/\">2019<\/a><\/h4><div class=\"et_pb_blurb_description\"><p style=\"text-align: center;\">Zvzetost za varnost pacientov<\/p>\n<\/div><\/div><\/div><\/div>\n\n<div class=\"et_pb_blurb_1 et_pb_blurb et_pb_bg_layout_light et_pb_blurb_position_top et_pb_module et_block_module\"><div class=\"et_pb_blurb_content\"><div class=\"et_pb_main_blurb_image\"><a href=\"https:\/\/www.prosunt.si\/prosunt-2-2-2\/svetovni-dan-varnosti-pacientov-2024\/\" target=\"_blank\"><span class=\"et_pb_image_wrap et_pb_only_image_mode_wrap\"><img loading=\"lazy\" decoding=\"async\" src=\"https:\/\/www.prosunt.si\/content\/uploads\/2016\/03\/Robida_Svetovni-dan-majhno-.png\" width=\"904\" height=\"463\" srcset=\"https:\/\/www.prosunt.si\/content\/uploads\/2016\/03\/Robida_Svetovni-dan-majhno-.png 904w, https:\/\/www.prosunt.si\/content\/uploads\/2016\/03\/Robida_Svetovni-dan-majhno--480x246.png 480w\" sizes=\"(min-width: 0px) and (max-width: 480px) 480px, (min-width: 481px) 904px, 100vw\" class=\"wp-image-238401\" \/><\/span><\/a><\/div><div class=\"et_pb_blurb_container\"><h4 class=\"et_pb_module_header\"><a href=\"https:\/\/www.prosunt.si\/prosunt-2-2-2\/svetovni-dan-varnosti-pacientov-2024\/\" target=\"_blank\">2024<\/a><\/h4><div class=\"et_pb_blurb_description\"><p style=\"text-align: center;\">Diagnoze in varnost pacientov<\/p>\n<\/div><\/div><\/div><\/div>\n<\/div>\n\n<div class=\"et_pb_column_8 et_pb_column et_pb_column_1_5 et_block_column et_pb_css_mix_blend_mode_passthrough\">\n<div class=\"et_pb_blurb_2 et_pb_blurb et_pb_bg_layout_light et_pb_text_align_center et_pb_blurb_position_top et_pb_module et_block_module\"><div class=\"et_pb_blurb_content\"><div class=\"et_pb_main_blurb_image\"><a href=\"https:\/\/www.prosunt.si\/prosunt-2-2-2\/svetovni-dan-varnosti-pacientov-2020-2\/\"><span class=\"et_pb_image_wrap et_pb_only_image_mode_wrap\"><img loading=\"lazy\" decoding=\"async\" src=\"https:\/\/www.prosunt.si\/content\/uploads\/2016\/03\/Robida_Svetovni-dan-majhno-.png\" width=\"904\" height=\"463\" srcset=\"https:\/\/www.prosunt.si\/content\/uploads\/2016\/03\/Robida_Svetovni-dan-majhno-.png 904w, https:\/\/www.prosunt.si\/content\/uploads\/2016\/03\/Robida_Svetovni-dan-majhno--480x246.png 480w\" sizes=\"(min-width: 0px) and (max-width: 480px) 480px, (min-width: 481px) 904px, 100vw\" class=\"wp-image-238401\" \/><\/span><\/a><\/div><div class=\"et_pb_blurb_container\"><h4 class=\"et_pb_module_header\"><a href=\"https:\/\/www.prosunt.si\/prosunt-2-2-2\/svetovni-dan-varnosti-pacientov-2020-2\/\">2020 <\/a><\/h4><div class=\"et_pb_blurb_description\"><p style=\"text-align: center;\">Varnost zdravstvenega osebja<\/p>\n<\/div><\/div><\/div><\/div>\n\n<div class=\"et_pb_blurb_3 et_pb_blurb et_pb_bg_layout_light et_pb_blurb_position_top et_pb_module et_block_module\"><div class=\"et_pb_blurb_content\"><div class=\"et_pb_main_blurb_image\"><a href=\"https:\/\/www.prosunt.si\/prosunt-2-2-2\/svetovni-dan-varnosti-pacientov-2023-2\/\" target=\"_blank\"><span class=\"et_pb_image_wrap et_pb_only_image_mode_wrap\"><img loading=\"lazy\" decoding=\"async\" src=\"https:\/\/www.prosunt.si\/content\/uploads\/2016\/03\/Robida_Svetovni-dan-majhno-.png\" width=\"904\" height=\"463\" srcset=\"https:\/\/www.prosunt.si\/content\/uploads\/2016\/03\/Robida_Svetovni-dan-majhno-.png 904w, https:\/\/www.prosunt.si\/content\/uploads\/2016\/03\/Robida_Svetovni-dan-majhno--480x246.png 480w\" sizes=\"(min-width: 0px) and (max-width: 480px) 480px, (min-width: 481px) 904px, 100vw\" class=\"wp-image-238401\" \/><\/span><\/a><\/div><div class=\"et_pb_blurb_container\"><h4 class=\"et_pb_module_header\"><a href=\"https:\/\/www.prosunt.si\/prosunt-2-2-2\/svetovni-dan-varnosti-pacientov-2023-2\/\" target=\"_blank\">2025<\/a><\/h4><div class=\"et_pb_blurb_description\"><p style=\"text-align: center;\">Varna zdravstvena obravnava\u00a0za vsakega novorojen\u010dka in\u00a0\u00a0vsakega otroka<\/p>\n<\/div><\/div><\/div><\/div>\n<\/div>\n\n<div class=\"et_pb_column_9 et_pb_column et_pb_column_1_5 et_block_column et_pb_css_mix_blend_mode_passthrough\">\n<div class=\"et_pb_blurb_4 et_pb_blurb et_pb_bg_layout_light et_pb_blurb_position_top et_pb_module et_block_module\"><div class=\"et_pb_blurb_content\"><div class=\"et_pb_main_blurb_image\"><a href=\"https:\/\/www.prosunt.si\/prosunt-2-2-2\/svetovni-dan-varnosti-pacientov-2021-i\/\"><span class=\"et_pb_image_wrap et_pb_only_image_mode_wrap\"><img loading=\"lazy\" decoding=\"async\" src=\"https:\/\/www.prosunt.si\/content\/uploads\/2016\/03\/Robida_Svetovni-dan-majhno-.png\" width=\"904\" height=\"463\" srcset=\"https:\/\/www.prosunt.si\/content\/uploads\/2016\/03\/Robida_Svetovni-dan-majhno-.png 904w, https:\/\/www.prosunt.si\/content\/uploads\/2016\/03\/Robida_Svetovni-dan-majhno--480x246.png 480w\" sizes=\"(min-width: 0px) and (max-width: 480px) 480px, (min-width: 481px) 904px, 100vw\" class=\"wp-image-238401\" \/><\/span><\/a><\/div><div class=\"et_pb_blurb_container\"><h4 class=\"et_pb_module_header\"><a href=\"https:\/\/www.prosunt.si\/prosunt-2-2-2\/svetovni-dan-varnosti-pacientov-2021-i\/\">2021<\/a><\/h4><div class=\"et_pb_blurb_description\"><p style=\"text-align: center;\">Varnost mater in novorojen\u010dkov<\/p>\n<\/div><\/div><\/div><\/div>\n<\/div>\n\n<div class=\"et_pb_column_10 et_pb_column et_pb_column_1_5 et_block_column et_pb_css_mix_blend_mode_passthrough\">\n<div class=\"et_pb_blurb_5 et_pb_blurb et_pb_bg_layout_light et_pb_blurb_position_top et_pb_module et_block_module\"><div class=\"et_pb_blurb_content\"><div class=\"et_pb_main_blurb_image\"><a href=\"https:\/\/www.prosunt.si\/prosunt-2-2-2\/svetovni-dan-varnosti-pacientov-2020-2-3\/\"><span class=\"et_pb_image_wrap et_pb_only_image_mode_wrap\"><img loading=\"lazy\" decoding=\"async\" src=\"https:\/\/www.prosunt.si\/content\/uploads\/2016\/03\/Robida_Svetovni-dan-majhno-.png\" width=\"904\" height=\"463\" srcset=\"https:\/\/www.prosunt.si\/content\/uploads\/2016\/03\/Robida_Svetovni-dan-majhno-.png 904w, https:\/\/www.prosunt.si\/content\/uploads\/2016\/03\/Robida_Svetovni-dan-majhno--480x246.png 480w\" sizes=\"(min-width: 0px) and (max-width: 480px) 480px, (min-width: 481px) 904px, 100vw\" class=\"wp-image-238401\" \/><\/span><\/a><\/div><div class=\"et_pb_blurb_container\"><h4 class=\"et_pb_module_header\"><a href=\"https:\/\/www.prosunt.si\/prosunt-2-2-2\/svetovni-dan-varnosti-pacientov-2020-2-3\/\">2022<\/a><\/h4><div class=\"et_pb_blurb_description\"><p style=\"text-align: center;\">Varno ravnanje z zdravili<\/p>\n<\/div><\/div><\/div><\/div>\n<\/div>\n\n<div class=\"et_pb_column_11 et_pb_column et_pb_column_1_5 et-last-child et_block_column et_pb_css_mix_blend_mode_passthrough\">\n<div class=\"et_pb_blurb_6 et_pb_blurb et_pb_bg_layout_light et_pb_blurb_position_top et_pb_module et_block_module\"><div class=\"et_pb_blurb_content\"><div class=\"et_pb_main_blurb_image\"><a href=\"https:\/\/www.prosunt.si\/prosunt-2-2-2\/svetovni-dan-varnosti-pacientov-2023\/\"><span class=\"et_pb_image_wrap et_pb_only_image_mode_wrap\"><img loading=\"lazy\" decoding=\"async\" src=\"https:\/\/www.prosunt.si\/content\/uploads\/2016\/03\/Robida_Svetovni-dan-majhno-.png\" width=\"904\" height=\"463\" srcset=\"https:\/\/www.prosunt.si\/content\/uploads\/2016\/03\/Robida_Svetovni-dan-majhno-.png 904w, https:\/\/www.prosunt.si\/content\/uploads\/2016\/03\/Robida_Svetovni-dan-majhno--480x246.png 480w\" sizes=\"(min-width: 0px) and (max-width: 480px) 480px, (min-width: 481px) 904px, 100vw\" class=\"wp-image-238401\" \/><\/span><\/a><\/div><div class=\"et_pb_blurb_container\"><h4 class=\"et_pb_module_header\"><a href=\"https:\/\/www.prosunt.si\/prosunt-2-2-2\/svetovni-dan-varnosti-pacientov-2023\/\">2023<\/a><\/h4><div class=\"et_pb_blurb_description\"><p style=\"text-align: center;\">Opolnomo\u010denje pacientov<\/p>\n<\/div><\/div><\/div><\/div>\n<\/div>\n<\/div>\n<\/div>","protected":false},"excerpt":{"rendered":"","protected":false},"author":2,"featured_media":0,"parent":0,"menu_order":0,"comment_status":"closed","ping_status":"closed","template":"","meta":{"_crdt_document":"","footnotes":""},"class_list":["post-238399","page","type-page","status-publish","hentry"],"yoast_head":"<!-- This site is optimized with the Yoast SEO plugin v27.5 - https:\/\/yoast.com\/product\/yoast-seo-wordpress\/ -->\n<title>Svetovni dan varnosti pacientov 17. september - https:\/\/www.prosunt.si\/prosunt-2-2-2<\/title>\n<meta name=\"robots\" content=\"index, follow, max-snippet:-1, max-image-preview:large, max-video-preview:-1\" \/>\n<link rel=\"canonical\" href=\"https:\/\/www.prosunt.si\/prosunt-2-2-2\/svetovni-dan-varnosti-pacientov-17-september\/\" \/>\n<meta property=\"og:locale\" content=\"sl_SI\" \/>\n<meta property=\"og:type\" content=\"article\" \/>\n<meta property=\"og:title\" content=\"Svetovni dan varnosti pacientov 17. september - https:\/\/www.prosunt.si\/prosunt-2-2-2\" \/>\n<meta property=\"og:url\" content=\"https:\/\/www.prosunt.si\/prosunt-2-2-2\/svetovni-dan-varnosti-pacientov-17-september\/\" \/>\n<meta property=\"og:site_name\" content=\"https:\/\/www.prosunt.si\/prosunt-2-2-2\" \/>\n<meta property=\"article:modified_time\" content=\"2026-03-08T09:32:45+00:00\" \/>\n<meta name=\"twitter:card\" content=\"summary_large_image\" \/>\n<meta name=\"twitter:label1\" content=\"Est. reading time\" \/>\n\t<meta name=\"twitter:data1\" content=\"5 minut\" \/>\n<script type=\"application\/ld+json\" class=\"yoast-schema-graph\">{\"@context\":\"https:\\\/\\\/schema.org\",\"@graph\":[{\"@type\":\"WebPage\",\"@id\":\"https:\\\/\\\/www.prosunt.si\\\/prosunt-2-2-2\\\/svetovni-dan-varnosti-pacientov-17-september\\\/\",\"url\":\"https:\\\/\\\/www.prosunt.si\\\/prosunt-2-2-2\\\/svetovni-dan-varnosti-pacientov-17-september\\\/\",\"name\":\"Svetovni dan varnosti pacientov 17. september - https:\\\/\\\/www.prosunt.si\\\/prosunt-2-2-2\",\"isPartOf\":{\"@id\":\"https:\\\/\\\/www.prosunt.si\\\/prosunt-2-2-2\\\/#website\"},\"datePublished\":\"2023-11-18T19:33:11+00:00\",\"dateModified\":\"2026-03-08T09:32:45+00:00\",\"breadcrumb\":{\"@id\":\"https:\\\/\\\/www.prosunt.si\\\/prosunt-2-2-2\\\/svetovni-dan-varnosti-pacientov-17-september\\\/#breadcrumb\"},\"inLanguage\":\"sl-SI\",\"potentialAction\":[{\"@type\":\"ReadAction\",\"target\":[\"https:\\\/\\\/www.prosunt.si\\\/prosunt-2-2-2\\\/svetovni-dan-varnosti-pacientov-17-september\\\/\"]}]},{\"@type\":\"BreadcrumbList\",\"@id\":\"https:\\\/\\\/www.prosunt.si\\\/prosunt-2-2-2\\\/svetovni-dan-varnosti-pacientov-17-september\\\/#breadcrumb\",\"itemListElement\":[{\"@type\":\"ListItem\",\"position\":1,\"name\":\"Home\",\"item\":\"https:\\\/\\\/www.prosunt.si\\\/prosunt-2-2-2\\\/\"},{\"@type\":\"ListItem\",\"position\":2,\"name\":\"Svetovni dan varnosti pacientov 17. september\"}]},{\"@type\":\"WebSite\",\"@id\":\"https:\\\/\\\/www.prosunt.si\\\/prosunt-2-2-2\\\/#website\",\"url\":\"https:\\\/\\\/www.prosunt.si\\\/prosunt-2-2-2\\\/\",\"name\":\"https:\\\/\\\/www.prosunt.si\\\/prosunt-2-2-2\",\"description\":\"Usposabljanje varnost pacientov kakovost\",\"potentialAction\":[{\"@type\":\"SearchAction\",\"target\":{\"@type\":\"EntryPoint\",\"urlTemplate\":\"https:\\\/\\\/www.prosunt.si\\\/prosunt-2-2-2\\\/?s={search_term_string}\"},\"query-input\":{\"@type\":\"PropertyValueSpecification\",\"valueRequired\":true,\"valueName\":\"search_term_string\"}}],\"inLanguage\":\"sl-SI\"}]}<\/script>\n<!-- \/ Yoast SEO plugin. -->","yoast_head_json":{"title":"Svetovni dan varnosti pacientov 17. september - https:\/\/www.prosunt.si\/prosunt-2-2-2","robots":{"index":"index","follow":"follow","max-snippet":"max-snippet:-1","max-image-preview":"max-image-preview:large","max-video-preview":"max-video-preview:-1"},"canonical":"https:\/\/www.prosunt.si\/prosunt-2-2-2\/svetovni-dan-varnosti-pacientov-17-september\/","og_locale":"sl_SI","og_type":"article","og_title":"Svetovni dan varnosti pacientov 17. september - https:\/\/www.prosunt.si\/prosunt-2-2-2","og_url":"https:\/\/www.prosunt.si\/prosunt-2-2-2\/svetovni-dan-varnosti-pacientov-17-september\/","og_site_name":"https:\/\/www.prosunt.si\/prosunt-2-2-2","article_modified_time":"2026-03-08T09:32:45+00:00","twitter_card":"summary_large_image","twitter_misc":{"Est. reading time":"5 minut"},"schema":{"@context":"https:\/\/schema.org","@graph":[{"@type":"WebPage","@id":"https:\/\/www.prosunt.si\/prosunt-2-2-2\/svetovni-dan-varnosti-pacientov-17-september\/","url":"https:\/\/www.prosunt.si\/prosunt-2-2-2\/svetovni-dan-varnosti-pacientov-17-september\/","name":"Svetovni dan varnosti pacientov 17. september - https:\/\/www.prosunt.si\/prosunt-2-2-2","isPartOf":{"@id":"https:\/\/www.prosunt.si\/prosunt-2-2-2\/#website"},"datePublished":"2023-11-18T19:33:11+00:00","dateModified":"2026-03-08T09:32:45+00:00","breadcrumb":{"@id":"https:\/\/www.prosunt.si\/prosunt-2-2-2\/svetovni-dan-varnosti-pacientov-17-september\/#breadcrumb"},"inLanguage":"sl-SI","potentialAction":[{"@type":"ReadAction","target":["https:\/\/www.prosunt.si\/prosunt-2-2-2\/svetovni-dan-varnosti-pacientov-17-september\/"]}]},{"@type":"BreadcrumbList","@id":"https:\/\/www.prosunt.si\/prosunt-2-2-2\/svetovni-dan-varnosti-pacientov-17-september\/#breadcrumb","itemListElement":[{"@type":"ListItem","position":1,"name":"Home","item":"https:\/\/www.prosunt.si\/prosunt-2-2-2\/"},{"@type":"ListItem","position":2,"name":"Svetovni dan varnosti pacientov 17. september"}]},{"@type":"WebSite","@id":"https:\/\/www.prosunt.si\/prosunt-2-2-2\/#website","url":"https:\/\/www.prosunt.si\/prosunt-2-2-2\/","name":"https:\/\/www.prosunt.si\/prosunt-2-2-2","description":"Usposabljanje varnost pacientov kakovost","potentialAction":[{"@type":"SearchAction","target":{"@type":"EntryPoint","urlTemplate":"https:\/\/www.prosunt.si\/prosunt-2-2-2\/?s={search_term_string}"},"query-input":{"@type":"PropertyValueSpecification","valueRequired":true,"valueName":"search_term_string"}}],"inLanguage":"sl-SI"}]}},"_links":{"self":[{"href":"https:\/\/www.prosunt.si\/prosunt-2-2-2\/wp-json\/wp\/v2\/pages\/238399","targetHints":{"allow":["GET"]}}],"collection":[{"href":"https:\/\/www.prosunt.si\/prosunt-2-2-2\/wp-json\/wp\/v2\/pages"}],"about":[{"href":"https:\/\/www.prosunt.si\/prosunt-2-2-2\/wp-json\/wp\/v2\/types\/page"}],"author":[{"embeddable":true,"href":"https:\/\/www.prosunt.si\/prosunt-2-2-2\/wp-json\/wp\/v2\/users\/2"}],"replies":[{"embeddable":true,"href":"https:\/\/www.prosunt.si\/prosunt-2-2-2\/wp-json\/wp\/v2\/comments?post=238399"}],"version-history":[{"count":3,"href":"https:\/\/www.prosunt.si\/prosunt-2-2-2\/wp-json\/wp\/v2\/pages\/238399\/revisions"}],"predecessor-version":[{"id":241793,"href":"https:\/\/www.prosunt.si\/prosunt-2-2-2\/wp-json\/wp\/v2\/pages\/238399\/revisions\/241793"}],"wp:attachment":[{"href":"https:\/\/www.prosunt.si\/prosunt-2-2-2\/wp-json\/wp\/v2\/media?parent=238399"}],"curies":[{"name":"wp","href":"https:\/\/api.w.org\/{rel}","templated":true}]}}