{"id":240260,"date":"2024-04-25T15:03:43","date_gmt":"2024-04-25T13:03:43","guid":{"rendered":"https:\/\/www.prosunt.si\/prosunt-2-2-2\/?post_type=product&#038;p=240260"},"modified":"2024-10-14T11:04:28","modified_gmt":"2024-10-14T09:04:28","slug":"opustitev-zdravstvene-obravnave","status":"publish","type":"product","link":"https:\/\/www.prosunt.si\/prosunt-2-2-2\/izdelek\/opustitev-zdravstvene-obravnave\/","title":{"rendered":"Opustitev zdravstvene obravnave"},"content":{"rendered":"<div class=\"et_d4_element et_pb_section et_pb_section_0  et_pb_css_mix_blend_mode et_section_regular et_block_section\" >\n\t\t\t\t\n\t\t\t\t\n\t\t\t\t\n\t\t\t\t\n\t\t\t\t\n\t\t\t\t\n\t\t\t\t\n\t\t\t\t\n\t\t\t\t\n\t\t\t<\/div>\n","protected":false},"excerpt":{"rendered":"","protected":false},"featured_media":237566,"comment_status":"closed","ping_status":"closed","template":"","meta":{"_crdt_document":"","_et_pb_use_builder":"on","_et_pb_old_content":"Opustitev zdravtvene obravneve nastane zradi napake opustitve ali nekatreih kr\u0161itev. Ne gre samo za opustitve v prvi liniji zdravstva, ko smo v stiku s pacientom, temve\u010d pri vseh, ki upravljajo in ravnajo z zdravtvomo, ki ga pla\u010dujejo, ki izvajajo usposabljanje in ki ga nadzorujejo.","_et_gb_content_width":""},"product_brand":[],"product_cat":[236],"product_tag":[],"class_list":{"0":"post-240260","1":"product","2":"type-product","3":"status-publish","4":"has-post-thumbnail","6":"product_cat-video","8":"first","9":"instock","10":"sale","11":"shipping-taxable","12":"purchasable","13":"product-type-simple"},"yoast_head":"<!-- This site is optimized with the Yoast SEO plugin v27.6 - https:\/\/yoast.com\/product\/yoast-seo-wordpress\/ -->\n<title>Opustitev zdravstvene obravnave - https:\/\/www.prosunt.si\/prosunt-2-2-2<\/title>\n<meta name=\"robots\" content=\"index, follow, max-snippet:-1, max-image-preview:large, max-video-preview:-1\" \/>\n<link rel=\"canonical\" href=\"https:\/\/www.prosunt.si\/prosunt-2-2-2\/izdelek\/opustitev-zdravstvene-obravnave\/\" \/>\n<meta property=\"og:locale\" content=\"sl_SI\" \/>\n<meta property=\"og:type\" content=\"article\" \/>\n<meta property=\"og:title\" content=\"Opustitev zdravstvene obravnave - https:\/\/www.prosunt.si\/prosunt-2-2-2\" \/>\n<meta property=\"og:url\" content=\"https:\/\/www.prosunt.si\/prosunt-2-2-2\/izdelek\/opustitev-zdravstvene-obravnave\/\" \/>\n<meta property=\"og:site_name\" content=\"https:\/\/www.prosunt.si\/prosunt-2-2-2\" \/>\n<meta property=\"article:modified_time\" content=\"2024-10-14T09:04:28+00:00\" \/>\n<meta name=\"twitter:card\" content=\"summary_large_image\" \/>\n<meta name=\"twitter:label1\" content=\"Est. reading time\" \/>\n\t<meta name=\"twitter:data1\" content=\"1 minuta\" \/>\n<script type=\"application\/ld+json\" class=\"yoast-schema-graph\">{\"@context\":\"https:\\\/\\\/schema.org\",\"@graph\":[{\"@type\":\"WebPage\",\"@id\":\"https:\\\/\\\/www.prosunt.si\\\/prosunt-2-2-2\\\/izdelek\\\/opustitev-zdravstvene-obravnave\\\/\",\"url\":\"https:\\\/\\\/www.prosunt.si\\\/prosunt-2-2-2\\\/izdelek\\\/opustitev-zdravstvene-obravnave\\\/\",\"name\":\"Opustitev zdravstvene obravnave - https:\\\/\\\/www.prosunt.si\\\/prosunt-2-2-2\",\"isPartOf\":{\"@id\":\"https:\\\/\\\/www.prosunt.si\\\/prosunt-2-2-2\\\/#website\"},\"primaryImageOfPage\":{\"@id\":\"https:\\\/\\\/www.prosunt.si\\\/prosunt-2-2-2\\\/izdelek\\\/opustitev-zdravstvene-obravnave\\\/#primaryimage\"},\"image\":{\"@id\":\"https:\\\/\\\/www.prosunt.si\\\/prosunt-2-2-2\\\/izdelek\\\/opustitev-zdravstvene-obravnave\\\/#primaryimage\"},\"thumbnailUrl\":\"https:\\\/\\\/www.prosunt.si\\\/content\\\/uploads\\\/2023\\\/04\\\/Pomoc-.bmp\",\"datePublished\":\"2024-04-25T13:03:43+00:00\",\"dateModified\":\"2024-10-14T09:04:28+00:00\",\"breadcrumb\":{\"@id\":\"https:\\\/\\\/www.prosunt.si\\\/prosunt-2-2-2\\\/izdelek\\\/opustitev-zdravstvene-obravnave\\\/#breadcrumb\"},\"inLanguage\":\"sl-SI\",\"potentialAction\":[{\"@type\":\"ReadAction\",\"target\":[\"https:\\\/\\\/www.prosunt.si\\\/prosunt-2-2-2\\\/izdelek\\\/opustitev-zdravstvene-obravnave\\\/\"]}]},{\"@type\":\"ImageObject\",\"inLanguage\":\"sl-SI\",\"@id\":\"https:\\\/\\\/www.prosunt.si\\\/prosunt-2-2-2\\\/izdelek\\\/opustitev-zdravstvene-obravnave\\\/#primaryimage\",\"url\":\"https:\\\/\\\/www.prosunt.si\\\/content\\\/uploads\\\/2023\\\/04\\\/Pomoc-.bmp\",\"contentUrl\":\"https:\\\/\\\/www.prosunt.si\\\/content\\\/uploads\\\/2023\\\/04\\\/Pomoc-.bmp\",\"width\":1280,\"height\":720},{\"@type\":\"BreadcrumbList\",\"@id\":\"https:\\\/\\\/www.prosunt.si\\\/prosunt-2-2-2\\\/izdelek\\\/opustitev-zdravstvene-obravnave\\\/#breadcrumb\",\"itemListElement\":[{\"@type\":\"ListItem\",\"position\":1,\"name\":\"Home\",\"item\":\"https:\\\/\\\/www.prosunt.si\\\/prosunt-2-2-2\\\/\"},{\"@type\":\"ListItem\",\"position\":2,\"name\":\"E-nakup 2\",\"item\":\"https:\\\/\\\/www.prosunt.si\\\/prosunt-2-2-2\\\/e-nakup-1-2\\\/\"},{\"@type\":\"ListItem\",\"position\":3,\"name\":\"Opustitev zdravstvene obravnave\"}]},{\"@type\":\"WebSite\",\"@id\":\"https:\\\/\\\/www.prosunt.si\\\/prosunt-2-2-2\\\/#website\",\"url\":\"https:\\\/\\\/www.prosunt.si\\\/prosunt-2-2-2\\\/\",\"name\":\"https:\\\/\\\/www.prosunt.si\\\/prosunt-2-2-2\",\"description\":\"Usposabljanje varnost pacientov kakovost\",\"potentialAction\":[{\"@type\":\"SearchAction\",\"target\":{\"@type\":\"EntryPoint\",\"urlTemplate\":\"https:\\\/\\\/www.prosunt.si\\\/prosunt-2-2-2\\\/?s={search_term_string}\"},\"query-input\":{\"@type\":\"PropertyValueSpecification\",\"valueRequired\":true,\"valueName\":\"search_term_string\"}}],\"inLanguage\":\"sl-SI\"}]}<\/script>\n<!-- \/ Yoast SEO plugin. -->","yoast_head_json":{"title":"Opustitev zdravstvene obravnave - https:\/\/www.prosunt.si\/prosunt-2-2-2","robots":{"index":"index","follow":"follow","max-snippet":"max-snippet:-1","max-image-preview":"max-image-preview:large","max-video-preview":"max-video-preview:-1"},"canonical":"https:\/\/www.prosunt.si\/prosunt-2-2-2\/izdelek\/opustitev-zdravstvene-obravnave\/","og_locale":"sl_SI","og_type":"article","og_title":"Opustitev zdravstvene obravnave - https:\/\/www.prosunt.si\/prosunt-2-2-2","og_url":"https:\/\/www.prosunt.si\/prosunt-2-2-2\/izdelek\/opustitev-zdravstvene-obravnave\/","og_site_name":"https:\/\/www.prosunt.si\/prosunt-2-2-2","article_modified_time":"2024-10-14T09:04:28+00:00","twitter_card":"summary_large_image","twitter_misc":{"Est. reading time":"1 minuta"},"schema":{"@context":"https:\/\/schema.org","@graph":[{"@type":"WebPage","@id":"https:\/\/www.prosunt.si\/prosunt-2-2-2\/izdelek\/opustitev-zdravstvene-obravnave\/","url":"https:\/\/www.prosunt.si\/prosunt-2-2-2\/izdelek\/opustitev-zdravstvene-obravnave\/","name":"Opustitev zdravstvene obravnave - https:\/\/www.prosunt.si\/prosunt-2-2-2","isPartOf":{"@id":"https:\/\/www.prosunt.si\/prosunt-2-2-2\/#website"},"primaryImageOfPage":{"@id":"https:\/\/www.prosunt.si\/prosunt-2-2-2\/izdelek\/opustitev-zdravstvene-obravnave\/#primaryimage"},"image":{"@id":"https:\/\/www.prosunt.si\/prosunt-2-2-2\/izdelek\/opustitev-zdravstvene-obravnave\/#primaryimage"},"thumbnailUrl":"https:\/\/www.prosunt.si\/content\/uploads\/2023\/04\/Pomoc-.bmp","datePublished":"2024-04-25T13:03:43+00:00","dateModified":"2024-10-14T09:04:28+00:00","breadcrumb":{"@id":"https:\/\/www.prosunt.si\/prosunt-2-2-2\/izdelek\/opustitev-zdravstvene-obravnave\/#breadcrumb"},"inLanguage":"sl-SI","potentialAction":[{"@type":"ReadAction","target":["https:\/\/www.prosunt.si\/prosunt-2-2-2\/izdelek\/opustitev-zdravstvene-obravnave\/"]}]},{"@type":"ImageObject","inLanguage":"sl-SI","@id":"https:\/\/www.prosunt.si\/prosunt-2-2-2\/izdelek\/opustitev-zdravstvene-obravnave\/#primaryimage","url":"https:\/\/www.prosunt.si\/content\/uploads\/2023\/04\/Pomoc-.bmp","contentUrl":"https:\/\/www.prosunt.si\/content\/uploads\/2023\/04\/Pomoc-.bmp","width":1280,"height":720},{"@type":"BreadcrumbList","@id":"https:\/\/www.prosunt.si\/prosunt-2-2-2\/izdelek\/opustitev-zdravstvene-obravnave\/#breadcrumb","itemListElement":[{"@type":"ListItem","position":1,"name":"Home","item":"https:\/\/www.prosunt.si\/prosunt-2-2-2\/"},{"@type":"ListItem","position":2,"name":"E-nakup 2","item":"https:\/\/www.prosunt.si\/prosunt-2-2-2\/e-nakup-1-2\/"},{"@type":"ListItem","position":3,"name":"Opustitev zdravstvene obravnave"}]},{"@type":"WebSite","@id":"https:\/\/www.prosunt.si\/prosunt-2-2-2\/#website","url":"https:\/\/www.prosunt.si\/prosunt-2-2-2\/","name":"https:\/\/www.prosunt.si\/prosunt-2-2-2","description":"Usposabljanje varnost pacientov kakovost","potentialAction":[{"@type":"SearchAction","target":{"@type":"EntryPoint","urlTemplate":"https:\/\/www.prosunt.si\/prosunt-2-2-2\/?s={search_term_string}"},"query-input":{"@type":"PropertyValueSpecification","valueRequired":true,"valueName":"search_term_string"}}],"inLanguage":"sl-SI"}]}},"_links":{"self":[{"href":"https:\/\/www.prosunt.si\/prosunt-2-2-2\/wp-json\/wp\/v2\/product\/240260","targetHints":{"allow":["GET"]}}],"collection":[{"href":"https:\/\/www.prosunt.si\/prosunt-2-2-2\/wp-json\/wp\/v2\/product"}],"about":[{"href":"https:\/\/www.prosunt.si\/prosunt-2-2-2\/wp-json\/wp\/v2\/types\/product"}],"replies":[{"embeddable":true,"href":"https:\/\/www.prosunt.si\/prosunt-2-2-2\/wp-json\/wp\/v2\/comments?post=240260"}],"wp:featuredmedia":[{"embeddable":true,"href":"https:\/\/www.prosunt.si\/prosunt-2-2-2\/wp-json\/wp\/v2\/media\/237566"}],"wp:attachment":[{"href":"https:\/\/www.prosunt.si\/prosunt-2-2-2\/wp-json\/wp\/v2\/media?parent=240260"}],"wp:term":[{"taxonomy":"product_brand","embeddable":true,"href":"https:\/\/www.prosunt.si\/prosunt-2-2-2\/wp-json\/wp\/v2\/product_brand?post=240260"},{"taxonomy":"product_cat","embeddable":true,"href":"https:\/\/www.prosunt.si\/prosunt-2-2-2\/wp-json\/wp\/v2\/product_cat?post=240260"},{"taxonomy":"product_tag","embeddable":true,"href":"https:\/\/www.prosunt.si\/prosunt-2-2-2\/wp-json\/wp\/v2\/product_tag?post=240260"}],"curies":[{"name":"wp","href":"https:\/\/api.w.org\/{rel}","templated":true}]}}